is 1 + -2403742?
-2403741
In base 6, what is 502 - -5?
511
In base 3, what is -210111002222 + -20?
-210111010012
In base 8, what is 21 + -563?
-542
In base 10, what is 1678 - 3?
1675
In base 9, what is -17 + 2112?
2084
In base 3, what is -120212020022 + -110?
-120212020202
In base 3, what is -101 + 1222101?
1222000
In base 7, what is 405345 - -13?
405361
In base 15, what is 5 + -15aa?
-15a5
In base 6, what is 222 - 421?
-155
In base 2, what is -1000000010011100001 + 10?
-1000000010011011111
In base 5, what is -14232 + 113?
-14114
In base 2, what is -1000011011001 - -101100100?
-111101110101
In base 8, what is 46 - 6140?
-6072
In base 16, what is -4 - 89ae?
-89b2
In base 3, what is -122110 - -11100221?
10201111
In base 13, what is 3 - 7442?
-743c
In base 13, what is -9b1 + b5?
-8c9
In base 3, what is 2 + -122022202?
-122022200
In base 16, what is -4 + 827d?
8279
In base 12, what is 16a9a + 2?
16aa0
In base 6, what is -2425400 + 3?
-2425353
In base 15, what is -1c + -4b04?
-4b21
In base 14, what is -2 + -4056?
-4058
In base 15, what is -4 + 5d61?
5d5c
In base 15, what is -47 - 90?
-d7
In base 2, what is -1101110110110 - 111010111?
-1110110001101
In base 9, what is 40514 - 81?
40423
In base 6, what is -3 - 1523322?
-1523325
In base 2, what is -1011 + -10010111101001010?
-10010111101010101
In base 3, what is -11220212111 - 10?
-11220212121
In base 11, what is 650032 - 2?
650030
In base 5, what is -203332 + -100?
-203432
In base 10, what is 0 + 861605?
861605
In base 11, what is 5484 - -15?
5499
In base 15, what is c19 + -44?
bc5
In base 11, what is 865 + 207?
a71
In base 9, what is -144 - 277?
-432
In base 5, what is -20143 - 2401?
-23044
In base 3, what is -220 - -2201011?
2200021
In base 8, what is 55371 - 2?
55367
In base 3, what is -210012 - 12211?
-1000000
In base 16, what is 0 + -2bb4?
-2bb4
In base 14, what is 45a + 303?
75d
In base 7, what is 13465650 + -1?
13465646
In base 12, what is -3 + 1838?
1835
In base 9, what is 1328 + -2744?
-1415
In base 5, what is 1012 + 303?
1320
In base 14, what is -71c5 + -8?
-71cd
In base 11, what is 5 + 859a2?
859a7
In base 10, what is -1 + 165585?
165584
In base 4, what is 11132 + -1?
11131
In base 7, what is -22 - 136316?
-136341
In base 9, what is -31 - -24446?
24415
In base 12, what is -173a8 - 3?
-173ab
In base 2, what is -10101010000 - -1000111011011?
110010001011
In base 10, what is 1177217 + -3?
1177214
In base 9, what is 514758 - 2?
514756
In base 16, what is -3946 + 3?
-3943
In base 8, what is -22071 - -65?
-22004
In base 16, what is 4c + -1b7f?
-1b33
In base 11, what is 2530 + 50?
2580
In base 6, what is -4222304 - -11?
-4222253
In base 9, what is -1878 - -11?
-1867
In base 8, what is -4317 + -16?
-4335
In base 16, what is -55f + 367?
-1f8
In base 15, what is 713501 - 3?
7134ed
In base 14, what is -241b4a - -1?
-241b49
In base 2, what is 1110 + -1001010101?
-1001000111
In base 9, what is -1 - 103826?
-103827
In base 13, what is -1a69 - -6?
-1a63
In base 14, what is -118 + 823?
709
In base 5, what is 121134341 - -2?
121134343
In base 10, what is 1053 + 146?
1199
In base 2, what is 100 - -10110010101000101?
10110010101001001
In base 12, what is b1 - -2953?
2a44
In base 16, what is 6e2 - -5?
6e7
In base 3, what is 11020221110 - -11?
11020221121
In base 11, what is -457a4 - 0?
-457a4
In base 11, what is 218 + -206?
12
In base 11, what is -169 + -320?
-489
In base 2, what is -11 - -100111111111110?
100111111111011
In base 13, what is -5234b5 + 4?
-5234b1
In base 16, what is -7abd - 6?
-7ac3
In base 16, what is 3 + 18ae?
18b1
In base 4, what is -23 - -1130023130?
1130023101
In base 9, what is -5003218 + 0?
-5003218
In base 11, what is 13 + 14492?
144a5
In base 5, what is 1202 + 43?
1300
In base 2, what is 1000000101000 - 10?
1000000100110
In base 8, what is 3 - -374?
377
In base 5, what is -102432304 - -11?
-102432243
In base 5, what is -1024 + -341?
-1420
In base 8, what is 2470 + -140?
2330
In base 10, what is -725055 + 5?
-725050
In base 14, what is 1 + -1532?
-1531
In base 12, what is -1607a7 - 0?
-1607a7
In base 16, what is -377 + 36?
-341
In base 13, what is -1744a4 - -4?
-1744a0
In base 8, what is 10 + -43107?
-43077
In base 11, what is -10aa2 - 4?
-10aa6
In base 15, what is -4 + -2706c?
-27071
In base 13, what is -2b9b - a7?
-2c75
In base 8, what is 11570 + -443?
11125
In base 16, what is -342a + -16?
-3440
In base 13, what is -1b9 - -55?
-164
In base 10, what is 32538 - 1?
32537
In base 8, what is -277 + 13415?
13116
In base 10, what is -99762 - -5?
-99757
In base 7, what is -14160 + 1222?
-12635
In base 8, what is 633 + -20?
613
In base 4, what is 11 - -1033031312?
1033031323
In base 12, what is -530 - -1471?
b41
In base 4, what is -11 + 11002013?
11002002
In base 4, what is 32 - -30023?
30121
In base 16, what is -7b0 - 33?
-7e3
In base 7, what is -3 + 1254553?
1254550
In base 15, what is 10 - -1a495?
1a4a5
In base 15, what is -620 - a?
-62a
In base 12, what is 1 + 36441?
36442
In base 15, what is -2db + -27a?
-566
In base 9, what is 0 + 7007?
7007
In base 16, what is db6c + 0?
db6c
In base 9, what is -175 - -356?
171
In base 5, what is 2 - 40114410?
-40114403
In base 12, what is 2174 - -717?
288b
In base 8, what is 1353 - -1361?
2734
In base 8, what is -2374631 + 5?
-2374624
In base 7, what is -4632 - -155?
-4444
In base 13, what is ca63 - 2?
ca61
In base 7, what is 532243 - -3?
532246
In base 14, what is -1 + 13c22?
13c21
In base 12, what is -5 - -311b?
3116
In base 14, what is a - -a683?
a68d
In base 6, what is -3 + -340004?
-340011
In base 15, what is -19c28 - 28?
-19c51
In base 6, what is 3034150 - 15?
3034131
In base 12, what is -1 - -91b69?
91b68
In base 15, what is 19 - 1b4?
-19a
In base 7, what is 106142 - 5?
106134
In base 16, what is 2192a + 5?
2192f
In base 10, what is -2755347 - 4?
-2755351
In base 14, what is d2228 - -1?
d2229
In base 15, what is -34e1 - -4?
-34dc
In base 13, what is 72 - -9b7?
a59
In base 16, what is 191e - 20?
18fe
In base 12, what is -1726883 - 3?
-1726886
In base 13, what is -3 + -40a?
-410
In base 8, what is 2 - 300733?
-300731
In base 8, what is 2 - -45006?
45010
In base 2, what is 111011010100110100 + 1000?
111011010100111100
In base 5, what is -21414 - -22023?
104
In base 10, what is -3729 + -1?
-3730
In base 10, what is 5 + -9181?
-9176
In base 16, what is 2c + -248?
-21c
In base 2, what is -101001011001 - 11010?
-101001110011
In base 13, what is -8 + -69c6?
-6a01
In base 16, what is -6 - 1518?
-151e
In base 13, what is -3127 + 5?
-3122
In base 5, what is -3011200 - 0?
-3011200
In base 7, what is -24211 + 20?
-24161
In base 13, what is -1266 + -101?
-1367
In base 16, what is 1 + 848f?
8490
In base 15, what is -133ab - 0?
-133ab
In base 2, what is 111101101 + -1000110001?
-1000100
In base 13, what is -23573 - -3?
-23570
In base 6, what is 1 + 2423033?
2423034
In base 7, what is 5 + 11131232?
11131240
In base 16, what is 2 + -4f5a1?
-4f59f
In base 3, what is 110102 - 10111?
22221
In base 14, what is 111b4 - -3?
111b7
In base 6, what is 15220 + 342?
20002
In base 6, what is 13025 + -1050?
11535
In base 6, what is 323103 + 4?
323111
In base 12, what is 213 - -229?
440
In base 4, what is -21 + 110122220?
110122133
In base 2, what is -10101010010100 - 101000?
-10101010111100
In base 9, what is -5 + -36533?
-36538
In base 14, what is b00 + -80?
a60
In base 15, what is 1284 + -4?
1280
In base 5, what is 103 - 1303120?
-1303012
In base 14, what is 0 + -1baa?
-1baa
In base 13, what is -2622 - 96?
-26b8
In base 4, what is 13 - -1130032?
1130111
In base 4, what is 2120 - -131310?
200030
In base 9, what is -165104 + 5?
-165088
In base 12, what is 49 + a0?
129
In base 10, what is 1 - 27220?
-27219
In base 12, what is 9338 - 24?
9314
In base 7, what is 34033 + -5?
34025
In base 13, what is 3 - 6679?
-6676
In base 14, what is -c0b4 + -4c?
-c122
In base 3, what is 110 + -121111022?
-121110212
In base 6, what is -4 - 1010515?
-1010523
In base 16, what is e16 + e?
e24
In base 16, what is dc8b - 7?
dc84
In base 13, what is 9 + -5a1b?
-5a12
In base 14, what is -c2 - 2520?
-2602
In base 6, what is -2515320 - -1?
-2515315
In base 10, what is -1849 - 57?
-1906
In base 14, what is 103 - -2d9?
3dc
In base 2, what is 1001011010000110000101110 + 100?
1001011010000110000110010